b?
5
Suppose 0 = t - 4, 4 = 2*u + t - 0. Suppose u = s + 4*y - 1 - 5, -s + 8 = 5*y. Let d = s - -4. Calculate the highest common divisor of d and 6.
2
Suppose -5*p - 4*i = -47, 3*i - 2*i - 3 = 0. Calculate the highest common factor of p and 1.
1
Let t be (-4)/10 - 385/(-25). What is the highest common factor of 10 and t?
5
Suppose v - 3 = 0, -1 = 4*u - 5*v + 34. Let h = 9 + u. Suppose 25 = 5*d - 2*o, -d + h*d = -5*o + 15. Calculate the greatest common factor of d and 35.
5
Suppose 28 = 5*f - f + 2*s, 0 = 4*f + 4*s - 24. Let h(k) = 4 + f*k - 5 + 2*k. Let p be h(1). Calculate the greatest common factor of 18 and p.
9
Let x be ((-1)/1)/(1/(-14)). What is the highest common factor of x and 7?
7
Let d be (-3 + 25)/(2/8). Calculate the highest common divisor of 22 and d.
22
Suppose -2*s + 5*n = 2*n - 47, -s - 3*n + 10 = 0. Let t = 30 - s. Calculate the greatest common divisor of 77 and t.
11
Let c(x) = x**2 - 7*x - 12. Let d be c(9). Suppose -j + 3*j = d. Let s be -2 - (-13 - j/(-3)). What is the greatest common factor of s and 60?
10
Let u(x) = -x + 1. Let j be u(0). Let z be -3 + 1/1 - -10. What is the greatest common factor of z and j?
1
Let r(y) = -y**3 + 7*y**2 + 3*y + 9. Suppose 4 = n - 3. Let b be r(n). Let q be 14 - 1 - 2 - 1. Calculate the highest common factor of b and q.
10
Let m be -18*(-16)/72 + 1. Let b be 40 - 1*-1*0. Suppose 0 = -w - 3*w + b. Calculate the highest common factor of m and w.
5
Let z = -49 + 58. Let h = -26 + 53. Calculate the greatest common divisor of h and z.
9
Let z(o) = o - 3*o + 0*o - 2. Let v be z(-3). Calculate the greatest common factor of v and 20.
4
Let v = -3 - -5. Let a be -5*v*6/(-5). Suppose -3*r + a = -27. Calculate the highest common factor of 13 and r.
13
Let b(d) = d**2 - 5*d + 5. Let c be b(5). Suppose -c*m = -8*m. Suppose 4*t = 3*n - 4*n + 55, 2*t = m. What is the greatest common divisor of 11 and n?
11
Suppose 2*u = -3*v + 6*v + 28, 5*u - 96 = v. What is the highest common divisor of u and 10?
10
Let i(l) be the first derivative of -7*l**2/2 + l + 2. Let u(h) = 4*h + 9. Let p be u(-3). Let g be i(p). Calculate the highest common divisor of 2 and g.
2
Suppose 3 = 2*t - 3. Suppose -2*u + 3*b + 14 = -t, 3*u - b - 36 = 0. Let c = -87 - -126. Calculate the greatest common divisor of u and c.
13
Let c = 769 - 767. Suppose 0*q = -q + 16. Calculate the greatest common factor of c and q.
2
Suppose 16*f - 17*f = -27. Calculate the greatest common factor of f and 297.
27
Let m be (8/5)/(4/(-20)). Let u = m + 2. Let x be (-15 + u)*(-3 - -1). What is the highest common factor of x and 14?
14
Let f be 6/(-18) - (-19)/3. Calculate the highest common factor of 4 and f.
2
Suppose -3 = 2*t - 11. Let m = t - 3. Let n(k) = 6*k**2 - k. Let w be n(m). Calculate the greatest common divisor of w and 10.
5
Let d be ((-32)/12 - -2)*-6. What is the greatest common factor of 4 and d?
4
Suppose -5*c - 39 = -4*k, -k - 9 = -3*k - c. What is the greatest common divisor of 54 and k?
6
Suppose 0 = -2*m - n + 13, -2*n - 2*n = 5*m - 34. Let s be ((-57)/(-6))/(1/m). What is the greatest common divisor of 38 and s?
19
Let x(f) = -f**3 + f - 1. Let g(q) = -3*q**3 - 2*q**2 - 6. Let p(s) = g(s) - 2*x(s). Let y be p(-3). Calculate the highest common divisor of y and 77.
11
Suppose -88 - 32 = 4*r. Let t be 40/r - 200/(-6). Calculate the highest common divisor of 48 and t.
16
Let l = -10 + 5. Let p be (54/l)/((-2)/5). Calculate the highest common divisor of p and 3.
3
Let h = -21 + 35. Let v = 17 + -10. What is the greatest common factor of v and h?
7
Suppose 5*m - 141 = 4. What is the highest common factor of m and 203?
29
Suppose 4 = -f + 3. Let z(y) = -25*y**3 - 2*y**2 - 2*y - 1. Let v be z(f). What is the greatest common factor of v and 16?
8
Let s = -1 + 0. Let c(w) = w**3 + w**2 + 1. Let o be c(s). Let b be (-1*o*-2)/1. Calculate the greatest common factor of 2 and b.
2
Suppose 2*x + 0 = 6. Suppose -p = -s - 2, 4*s + 3 = x*p - 2. What is the highest common divisor of p and 6?
3
Let a = 82 - 46. What is the greatest common factor of a and 36?
36
Let l = -40 - -64. Suppose 2*y - l = -5*p + p, -p = 4*y - 20. What is the greatest common divisor of 6 and y?
2
Suppose 0 = k - 6*k + 10. Suppose -5*r - 7*q + 2*q = -5, 0 = -3*r + 2*q + 8. What is the highest common factor of r and k?
2
Let n = 316 - -44. Calculate the highest common divisor of n and 45.
45
Suppose -4*s - 2*r + 28 = -0*r, -31 = -3*s - 4*r. Calculate the greatest common divisor of 45 and s.
5
Suppose 3*y - 4*z - 42 = 4, y + 2*z = 2. Suppose 5*p = 5 + y. Suppose p*q = 220 + 35. Calculate the greatest common divisor of q and 17.
17
Suppose 3*g = -5*w + 69, -5*g + 2 = 12. What is the highest common factor of w and 25?
5
Let c be 8/6*124 + 1/(-3). Calculate the greatest common divisor of 66 and c.
33
Let w be (-95)/(-3) + (-1)/(-3). Suppose 4*c + 2*j - 36 = 0, 2*c - 5 = 3*j + 5. Calculate the highest common factor of w and c.
8
Suppose 0 = -3*y + 160 + 344. Calculate the highest common divisor of y and 24.
24
Suppose 4*p - 2*p - 2 = 0. Let d be 50/2*p - 1. Suppose m - 23 + 7 = 0. What is the highest common divisor of m and d?
8
Let b(s) = -s - 5. Let h be b(-7). Suppose -d + 7 = h. Suppose f + 5*p = 3*f - 65, -5*f + 5*p + 125 = 0. Calculate the greatest common factor of d and f.
5
Suppose 0 = r - 0*r - 4. Let u(g) = -4*g - 6. Let n be u(-4). Suppose -3*m + n = 4*b, -3*m - 18 = -r*b - 2*m. What is the highest common divisor of 1 and b?
1
Let g be -7 - (-2)/1 - -7. Calculate the highest common divisor of g and 46.
2
Let t be (-3 - (-23)/(-2))*-2. Let f be (2 + -4)*58/(-4). Calculate the greatest common factor of f and t.
29
Let k(n) = n**2 + 6*n - 7. Let p be k(-9). Suppose 0*a = 2*a - 60. What is the greatest common divisor of a and p?
10
Let c = -2 + 20. What is the greatest common divisor of 72 and c?
18
Suppose 0 = -z - 3*u - 8, -z + 11 = 2*z + 2*u. Calculate the greatest common factor of 7 and z.
7
Let v(p) = p**2 + p - 3. Let j be v(0). Let b be 5/(-10) + 38/(-4). Let x be j - -4 - (b - 0). What is the greatest common factor of 1 and x?
1
Suppose 0 = -4*c + h - 31, -1 = -h + 2. Let j = -1 - c. Suppose 24 = 5*i + 2*v, 0*i - 4*i + v = -27. Calculate the greatest common factor of j and i.
6
Let a = -108 + 122. Calculate the highest common factor of 35 and a.
7
Let q = -11 + 16. Suppose 290 = 5*c - q*a, -4*a + 3*a = 3*c - 166. Calculate the greatest common factor of 7 and c.
7
Suppose 0*a + 4*a = 8. Let x = 9 - 4. Suppose -2*q + 3*v = -39, -a*v = -x*q + 2*v + 87. What is the highest common factor of 5 and q?
5
Let g = -139 + 154. What is the greatest common divisor of g and 165?
15
Let y(m) = 3*m**2 + 2*m + 13. Let f(v) = -2*v**2 - v - 7. Let p(j) = -5*f(j) - 3*y(j). Let a be p(5). Calculate the greatest common divisor of a and 16.
16
Suppose -5*x - 16 = -7*x. Calculate the greatest common factor of 8 and x.
8
Let a = -105 - -204. Let h = 26 + -17. Calculate the greatest common divisor of h and a.
9
Let n be 3/6*-1*0. Suppose -5*i - 12 + 82 = n. Let d be ((-24)/i)/(2/(-14)). What is the greatest common factor of d and 6?
6
Suppose 5*i = 3*m + 7, -4*m + 3*i + 2 = 4. Let o(c) = -2 + 5 - m + 18*c. Let w be o(3). Calculate the highest common divisor of w and 8.
8
Suppose 0 = 2*n + n - 12. Suppose n*m + 5*s - 73 = 0, 38 - 96 = -4*m - 2*s. Calculate the highest common divisor of m and 36.
12
Let u = 24 + -8. Let y(z) = -z**3 - 7*z**2 + 10*z - 6. Let k be y(-9). Let b = k - 26. What is the greatest common factor of u and b?
8
Suppose -5*l + 5*m + 95 = 0, 0*m = l + m - 19. Suppose 3*g + 10 = -5, 5*q = -2*g + 5. Let z be (152/q)/(1/3). What is the greatest common divisor of l and z?
19
Suppose 4*s + 16 = w, -7*s + 3*s - 12 = 0. What is the highest common divisor of w and 16?
4
Suppose 5*m = 3*r - 29, r + 5*m - 4 + 1 = 0. Let p be 4*1 - 100/(-4). Let f = p + -9. What is the greatest common factor of r and f?
4
Suppose 3*t = f + 34, -36 = -4*t - 2*f + f. Calculate the highest common divisor of 5 and t.
5
Let r be 26/10 - 8/(-20). Suppose -86 = -3*s + 5*m, -r*m - 4 = m. Let o = s + 3. What is the highest common factor of 10 and o?
10
Let b(f) = f. Let d(q) = -12*q - 2. Let l(n) = -22*b(n) - 2*d(n). Let t be l(7). Calculate the highest common factor of 27 and t.
9
Let r(w) = -w**2 - 5*w - 1.